be o(9). Let q be (-4)/(-10)*w/5. Suppose 171 + 1021 = q*t. List the prime factors of t.
149
Let z = 2 - 2. Suppose l = 2*t + 80, 2*l - 3*l - 2 = z. Let d = 12 - t. List the prime factors of d.
53
Let k(u) = -u**3 + 4*u**2 + 14*u - 7. Let g be k(6). Suppose -5*h = -h. Suppose h = -2*n + g + 99. What are the prime factors of n?
2, 13
Let d(i) = 21*i - 43. Let b be (-27)/9 + -1 + 27. Suppose -2*v = -0*q + q - 15, -5*q = -3*v - b. List the prime factors of d(q).
2, 13
Let k be (370/(-30))/(1/(-15)). Let d(s) = -s**3 + 18*s**2 + 26*s - 6. Let a be d(19). Let j = k - a. What are the prime factors of j?
2, 29
Let u(a) = 90*a**3 - 2*a**2 - 4*a - 2. Let o be u(-2). Suppose -x = 3*j + 1506, 35*x = -2*j + 40*x - 1004. Let h = j - o. What are the prime factors of h?
2, 5, 11
Let z(s) = -s**3 + s**2 - 7. Suppose -4*w - 12 = -2*w. Let c = -10 - w. List the prime factors of z(c).
73
Let a(w) be the second derivative of 3*w**4/2 + 43*w**3/6 - 6*w**2 + 221*w. What are the prime factors of a(-8)?
2, 199
Suppose 0 = 3*u + 4*n + 6, 3*u + 6 = -3*n + n. List the prime factors of 514 - (u - 0)/((-14)/35).
509
Let x(m) = -1. Let z(d) = 4*d - 17. Let y(u) = -5*x(u) - z(u). Let l be y(4). Let b(f) = -2*f**3 + 15*f**2 - 8*f + 7. List the prime factors of b(l).
67
What are the prime factors of 10164 + (-1 - -3) + (0 - 6)?
2, 5, 127
Let n be 6/4*72/27. Suppose n*c - p = 102 + 738, 4*p = c - 225. List the prime factors of c.
11, 19
Suppose 7 = 4*p - 13. Suppose p - 21 = -4*g. Suppose -g*r - 57 = -537. List the prime factors of r.
2, 3, 5
Let t be ((-5)/15)/(-5 + 15520/3105). Let f be -3*(2/(-1))/2. Suppose 0*n + t = f*n. What are the prime factors of n?
3, 23
Let m(y) = 15*y**2 - 5*y - 4. Let l be m(4). Let g = -29 - l. List the prime factors of 4/12 - g/3.
2, 41
Suppose 4*p = -0*o + 3*o - 8, p + 2*o = 9. Let r be (3 + -4)*p + 157. Suppose 0 = 8*n - 10*n + r. List the prime factors of n.
2, 3, 13
Suppose 6*a + 242 = 818. Let g = a - 77. Suppose 24*y - 740 = g*y. List the prime factors of y.
2, 37
Suppose -j - 191*q + 182*q + 14027 = 0, 5*j - 5*q - 70135 = 0. What are the prime factors of j?
13, 83
Let x(v) = -46*v**3 + v**2 - 3*v - 9. Let u be x(-3). Suppose 13*g - 4*g = u. What are the prime factors of g?
139
Let q(j) = -j**3 + 23*j**2 + 27*j - 84. Let h be q(24). What are the prime factors of (-1 + 13)*(-392)/h?
2, 7
Let y(w) = -w + 12. Let k be y(18). What are the prime factors of (k + 606/15)*25?
2, 5, 43
Let z(s) = 2*s + 34. Let o = -92 - -81. Let l be z(o). Suppose -298 = -5*j + w - l, 3*w = 2*j - 104. List the prime factors of j.
2, 29
Let j = 16542 + -6843. What are the prime factors of j?
3, 53, 61
Suppose -15*g + 174 - 69 = 0. Suppose -3364 = -3*o + p, 1131 = o - 3*p + g. What are the prime factors of o?
19, 59
Suppose -6*y = -139 + 37. Suppose y - 175 = 2*s. Let a = -56 - s. List the prime factors of a.
23
Suppose 0 = t - 17*l + 13*l - 40, -2*l = 3*t - 64. Let w = 64 - t. What are the prime factors of w?
2, 5
Let k(g) = g. Let x(n) be the third derivative of 31*n**4/24 - 7*n**3/3 - 17*n**2. Let o(s) = -6*k(s) + x(s). What are the prime factors of o(4)?
2, 43
Let z = 4563 - 3109. List the prime factors of z.
2, 727
Suppose -85902 = 18*z - 178755 - 85959. What are the prime factors of z?
2, 4967
Suppose -4*y + 3 = -n + 30, 0 = 4*n - 5*y - 108. What are the prime factors of (5 - 141/n) + (-5314)/(-18)?
5, 59
Let y(q) = 1309*q + 2334. What are the prime factors of y(25)?
35059
Suppose 0 = -4*c + 200 - 212. What are the prime factors of -60*c/(-2*9/(-44))?
2, 5, 11
Suppose 3*o + 9 = 0, -2*x + o - 817 = 2*o. Let g = x + 448. List the prime factors of g.
41
Suppose 2035*i = 2010*i + 359425. List the prime factors of i.
11, 1307
What are the prime factors of (-2)/(-6)*-1*(2 + -37601)?
83, 151
Let s(g) = 4*g**3 + 3*g**2 - 4*g + 6. Suppose -6*y = -20 - 4. Suppose -i - 8 = -y*l, -2*l + 2*i = 3*i - 10. What are the prime factors of s(l)?
3, 43
Suppose 0 = 2*u - 4*u + 4. Let v(c) = 115*c**2 + c - 8. What are the prime factors of v(u)?
2, 227
Let g(s) = 19*s**2 + 6*s + 11. Let c(y) = y**3 - y**2 - 5*y - 6. Let t be c(3). What are the prime factors of g(t)?
2, 41
Let j = -173 + 246. Suppose 0 = 3*p - 5*i - 1561, -3*i + 584 = p + j. List the prime factors of p.
11, 47
Let a be 8/(-12)*81/18. Let u(s) = 14*s**2 + s - 2. Let j(y) = 71*y**2 + 4*y - 9. Let x(g) = -2*j(g) + 11*u(g). List the prime factors of x(a).
5, 19
Suppose 3*i - 4*u + 597 = 0, -2*i + 4*u - 161 = 241. Let n be (-1)/13*-2 - 3675/i. Suppose n*o = 12*o + 343. What are the prime factors of o?
7
Let g(q) = 141*q**2 + 253*q - 2411. What are the prime factors of g(10)?
59, 241
Let d(m) = 13 - 49*m + 137*m - 4*m + 8 - m**2. List the prime factors of d(9).
2, 3, 29
Suppose 0 = q - 4*u - 108, -q - u = -6*u - 109. Suppose 62*d - q = 64*d. Let z = d + 99. What are the prime factors of z?
47
Let w = -458 + 675. Let l = w - -302. What are the prime factors of l?
3, 173
Suppose -4*g - n = -9, 4*g = -2*n - 3*n - 3. Let i(f) = 8*f**3 - 2*f**2 - 8*f + 3. List the prime factors of i(g).
3, 59
Let z = -172 + 118. What are the prime factors of (4/2)/(z/(-9585))?
5, 71
Let q = -900 - -281. Let u = 887 + q. List the prime factors of u.
2, 67
Let p = -54 + 56. Let z(d) = -1 + 20*d + 9 - d**p + 5. What are the prime factors of z(15)?
2, 11
Let x(k) = -k**3 + 7*k**2 - k + 9. Let u be x(7). Suppose 2*i = -0*i. Suppose i + 204 = u*l. List the prime factors of l.
2, 3, 17
Let x(i) = 9*i + 111. Let r be x(8). Let h = r - -236. List the prime factors of h.
419
Let k = -393 - -414. Suppose 554 = 2*x + 3*m, k*x = 18*x + 3*m + 816. List the prime factors of x.
2, 137
Let f(d) be the third derivative of d**6/5 + d**5/20 - d**4/8 + d**3/3 - 3*d**2. Let x be f(2). Suppose -6*z = -142 - x. What are the prime factors of z?
3, 19
Suppose k - 3*z - 68 = -5*z, -2*k + 4*z = -136. Suppose y - 518 = k. List the prime factors of y.
2, 293
Let u be 14/(-8) + (-896)/(-512). Suppose -112*m + 107*m + 9050 = u. List the prime factors of m.
2, 5, 181
What are the prime factors of ((-37)/(-4) - 10)/((-3)/4) - -7165?
2, 3583
Let j = 2706 + 4775. What are the prime factors of j?
7481
Suppose 11*b = -2 + 35. Suppose 16*z - b*c - 5975 = 11*z, -5*c - 5965 = -5*z. What are the prime factors of z?
2, 599
Let f = -7536 - -11119. List the prime factors of f.
3583
List the prime factors of 7 + (25/(-10))/5 + (-1153720)/(-16).
2, 3, 7, 17, 101
Suppose 10 - 16 = -h. Let s(f) = 0 - h + 2*f - 6. List the prime factors of s(18).
2, 3
Let p(r) = -52*r - 32. Let i = 55 - 58. What are the prime factors of p(i)?
2, 31
Let x(g) = -1521*g**3 + g**2 - 4*g - 5. Let w be x(-1). Suppose 4*l + f = 2517, 4*l - w = -3*f + 998. List the prime factors of l.
17, 37
Let h(v) = 59*v**2 - 4*v - 1. Let p = -13 - -15. Let w be h(p). Suppose w - 1175 = -6*q. What are the prime factors of q?
2, 79
Let s(k) = k**3 + 29*k**2 + 30*k + 61. Let p be s(-28). Let n(c) = 19*c - 22. Let u be n(13). Suppose p*j - u = 310. What are the prime factors of j?
107
Suppose 18*x + 58 = -14. What are the prime factors of (1 - -3) + -7 + 143 + x?
2, 17
Suppose 679 + 332 = 3*u. Let k be ((-860)/(-16))/(7 - 51/8). Let x = u - k. What are the prime factors of x?
251
Let y(n) = -1740*n - 3226. What are the prime factors of y(-5)?
2, 7, 17, 23
Let l(m) = -m**2 + 14*m - 15. Let v be l(12). Let z be v/(-3) + 33/3. Suppose c = -4*i + z, 0 = -5*c - i - 3*i + 24. What are the prime factors of c?
2
Let w be (16/10)/((-6)/15). List the prime factors of w*2/44 - (-19560)/132.
2, 37
List the prime factors of -60715*(65/25 - 3).
2, 12143
Let h(l) = l**3 - 3*l**2 - 3*l + 32986. What are the prime factors of h(0)?
2, 16493
Let f(x) = x**2 - x + 11. Let s be f(-8). Suppose -3*n = g + 53, -g - 12*n - 29 = -17*n. Let j = s + g. List the prime factors of j.
3, 13
Suppose -29*c + 168 = -296. Let q(w) = 3*w**2 - 13*w - 12. List the prime factors of q(c).
2, 137
Let i(j) = -136*j - 71. What are the prime factors of i(-71)?
3, 5, 71
Let q(x) = 2*x**2 + 5*x - 10. Suppose 9*u - 11*u = 12. Let k be q(u). Suppose -35*a + 390 = -k*a. What are the prime factors of a?
2, 5, 13
List the prime factors of (285/(-2))/(282/(-9776)).
2, 5, 13, 19
Let z(n) = -3*n - 16. Suppose l = -2*i + 5, 3*l = -i - 0*l + 5. Suppose 3*a + 6 = i*a. What are the prime f